1. Let m(k) = k**3 + 4*k**2 + k + 1. Determine m(r).
-3
Let m(o) = -o**3 - 4*o**2 + 4*o - 2. Let a = 4 + -11. Let c(h) = 9 + 17*h - 11*h - 4*h. Let y be c(a). What is m(y)?
3
Let c(i) = -i + 4. Let y be (-1 + -8)*1/(-3). Suppose 0 = -2*q + 5*g - 2*g - 2, -8 = -4*q + y*g. Determine c(q).
-1
Let d = 15 - 19. Let t = -6 - d. Let z(f) be the third derivative of f**5/20 + f**4/8 + f**2. Give z(t).
6
Let a = -3 + 1. Let x be (-2*(a - 0))/(-2). Let g(p) = 4*p - 1. Calculate g(x).
-9
Suppose 0 = -0*n + 2*n - 10, 0 = -2*v + 2*n - 6. Let c(o) = v + 6*o**2 + 3*o - o**2 - 6 - 3*o**2. Suppose -5*x + 2*x = -4*m, 2*m + 4*x + 22 = 0. Determine c(m).
5
Let d(y) be the third derivative of -y**6/120 - y**5/10 + y**4/12 - 2*y**3/3 - 18*y**2. What is d(-6)?
-16
Let m be ((-3)/4)/(1/8). Let o(f) = f**2 - f. Let b(x) = -x**3 - 11*x**2 + 6*x + 4. Let u(k) = b(k) + 5*o(k). What is u(m)?
-2
Let i(l) = -l**3 + 3*l**2 + 4*l. Suppose -5*c - 4*t = -23, -2*t = c + t - 9. Suppose 3*y + 65 = -y - 3*g, -c*g - 5 = y. Let f be y/(-2)*6/15. What is i(f)?
0
Suppose -4*y = 5*k + 21, -4*k = 2*y - 5 + 17. Let i = k + 1. Suppose i = 2*x + 3*x + 5. Let c(d) = -d**2 - 2*d - 1. Give c(x).
0
Let z = -8 - -11. Let u be 1*1/(-3)*0. Suppose u = z*t - 5 + 23. Let a(g) = -g**2 - 5*g. What is a(t)?
-6
Suppose 3*u - 2*v = -7*v - 23, -2*u + 3*v = -10. Let h(g) = 4*g**2 - g - 1. What is h(u)?
4
Let n(u) be the first derivative of -u**3/3 + 3*u**2/2 + 2*u - 32. Calculate n(3).
2
Let f(i) = i**3 + 5*i**2 - 8*i - 8. Let j be (1 - (-8)/4)*1. Suppose k + 24 = -j*k. Calculate f(k).
4
Let y(p) = 3 - 3 + 8 + p. Calculate y(0).
8
Let q(z) = -z + 3. Let x(f) = f**3 - 7*f**2 + f - 7. Let j be x(7). Suppose j = y - 4*o + 22, 5*y + 10 = -o - 4*o. Calculate q(y).
9
Let b(w) be the third derivative of w**5/60 + w**4/3 - 7*w**3/6 - 9*w**2. What is b(-8)?
-7
Let m(y) = -y**2 - 9*y - 4. Let f = -14 + 5. Calculate m(f).
-4
Let v(g) = g**3 + 2*g**2 - g - 2. Suppose -2*x + 3*x = 5*s + 9, -11 = -5*s - 4*x. Let l = s + -1. Calculate v(l).
0
Let q(j) be the third derivative of j**4/24 - 2*j**2. Suppose -3*w - 4*a = -5, 0*a - 3 = -5*w - 4*a. Let l be (-1 - (-1 + w)) + 0. Calculate q(l).
1
Let h(i) = i - 1. Let b be h(4). Let m(r) = 20*r - b*r**2 + 1 + r**3 - 3 - 16*r. Calculate m(2).
2
Let i(m) = m**3 - 2*m**3 - m**2 + 1 + 0*m**2. Let h(j) = 6*j**3 + 5*j**2 - 3*j - 2. Let k = 2 - -3. Let c(t) = k*i(t) + h(t). Determine c(2).
5
Let o(r) = 3 + 2 - 7 - 2*r + 4*r. What is o(-5)?
-12
Let z(p) = -p + 8. Let b be z(4). Let y(d) = 2*d**2 - 10*d + 19. Let x(h) = h**2 - 5*h - 6 + 0*h + 16. Let a(r) = 11*x(r) - 6*y(r). Determine a(b).
0
Let l(q) = 3*q + 1. Let v = 25 - 23. Calculate l(v).
7
Let h(i) = -i + 17. Let m = -95 + 107. Determine h(m).
5
Let o(f) = f + 2. Let l(i) = -i - 1. Let r(k) = -6*l(k) - 7*o(k). Let m be 2/(-1 + 3) - 2. Let h be (-2)/(-1) + -1 + m. Give r(h).
-8
Let h(w) = w + 6 - 8*w + 6*w - 2. Determine h(-8).
12
Let w(t) = 4*t + 2. Let q(r) = -r**2 - 2*r + 2. Let v be q(-2). Let k = -2 - -2. Let p = v - k. What is w(p)?
10
Let i = 4 + 0. Let a(b) = -5 - 1 + i - b**2. Let y = 73 - 75. Give a(y).
-6
Suppose i + 6 = 2*n, -2*i - 2*i - 5*n = -28. Suppose i*s = -2*g + 2, -g - 15 = s + 4*s. Let v(a) = 2*a - 3. Determine v(s).
-11
Let b = -1 - -3. Let j(v) = v + 3 + 1 - v**3 + b*v**3 + 0*v. Calculate j(0).
4
Let o(n) = -n**2 - n - 1. Let m(d) = -d**2 + 6*d + 5. Let s(c) = -m(c) - 4*o(c). Let y(f) = -f**2 - 1. Let w(b) = -s(b) - 4*y(b). Give w(4).
-3
Suppose -31 = -2*r + 5*y, -2*r + 5 = -7*r - 4*y. Let k(z) = -z**2 - z - 1. Calculate k(r).
-13
Let j(i) be the second derivative of i**3/6 + 3*i**2 - 5*i. Let v(b) = b. Let z(d) = -j(d) + 4*v(d). Determine z(4).
6
Let g(b) be the second derivative of -1/2*b**2 - 3*b - 1/2*b**3 + 1/20*b**5 + 0 + 1/3*b**4. Determine g(-5).
-11
Suppose 0 = 5*s - 17 + 7. Let n(p) = p**3 - p**2 + p - 2. Give n(s).
4
Let b(j) be the second derivative of -j**3/6 - 2*j. Suppose 4 + 0 = -i. Determine b(i).
4
Let t = 2 + 1. Let v(o) = o - 2*o + t - 7. Determine v(-3).
-1
Let c(l) be the second derivative of -l**7/2520 - l**6/720 + l**5/60 - 5*l**4/6 + 2*l. Let s(a) be the third derivative of c(a). Let w = 0 + -2. Calculate s(w).
0
Let g = -5 + 9. Let d(s) = 4*s**2 - 6*s - 3*s**2 + g - 8. Calculate d(6).
-4
Let y(n) be the third derivative of n**5/30 + n**4/4 - n**3/2 - 14*n**2. Calculate y(-5).
17
Let j(i) be the second derivative of i**7/840 - i**6/72 + i**5/60 - i**4/12 + i**3/6 + 3*i. Let l(u) be the second derivative of j(u). What is l(2)?
-10
Suppose -f = -2*f + 3. Let u(o) = -o - 3. Determine u(f).
-6
Let v(x) = 2 + 1 - 5*x - 1 + 4*x. Let s = -19 + 25. Give v(s).
-4
Suppose 2*z + n + 1 = 0, -3*z - 3*n - 14 = n. Let i(q) = -5*q**z + 3*q - 4*q + 4*q - 2*q. Calculate i(-1).
-6
Let w(v) = 78 - 78 + 22*v. Give w(1).
22
Let j(k) = -2*k**2 + k - 5. Let h(r) be the second derivative of -r**4/4 + r**3/3 - 9*r**2/2 - 2*r. Let w(i) = -3*h(i) + 5*j(i). Give w(-3).
-4
Let y(p) = -3*p + 7. Let o(m) be the third derivative of 0 - 1/6*m**3 + 4*m**2 + 1/60*m**5 + 5/24*m**4 + 0*m. Let d be o(-6). Determine y(d).
-8
Let f = -8 - -8. Let y(p) be the second derivative of -3*p**2 + 1/6*p**3 + f + 2*p. Determine y(3).
-3
Suppose s = 2 + 1. Suppose s*t = -t + 20. Let z(a) = a**2 - 5*a + 5. Give z(t).
5
Let k be (-4)/(-6) - (-32)/(-12). Let i be (-1 - 3) + k + 5. Let z(u) = -3*u**2 - 1. What is z(i)?
-4
Let n(u) = -u + 1. Let s be n(-3). Suppose 2*r + 4*g + 14 = -s, 0 = -2*r - 5*g - 20. Let d(p) = -p + 1. Give d(r).
6
Let v = 11 - 10. Suppose -2*k + 3*n + 9 = 0, 1 = -k - 2*n - 2*n. Let s(f) = 2*f**2 + 1 - 2*f**2 - k*f**3 - 2*f. What is s(v)?
-4
Suppose -2*f = -6*f. Let z(d) = d**3 + d. Let q(n) = n**3 + n**2 + 3*n - 6. Let a(c) = q(c) - 2*z(c). Determine a(f).
-6
Let j(o) = -o**2 + o - 1. Let s(c) = -c**3 + 12*c**2 - 4*c + 2. Let u(y) = 6*j(y) + s(y). Give u(6).
8
Let r(a) = -10 + 17*a - 37*a + 21*a. Calculate r(8).
-2
Let x = -41 - -37. Let w(h) be the first derivative of -h**3/3 - 2*h**2 - 2*h + 1. Give w(x).
-2
Let v = -50 + 48. Let l(s) = -s**3 - 4*s**2 - 3*s - 3. What is l(v)?
-5
Let s(i) = -6*i. Let u(v) = -3*v + 2. Let b be u(-3). Let a(n) = -n**2 + 11*n + 1. Let f be a(b). What is s(f)?
-6
Let l(q) be the first derivative of -2 + 0*q + 7/2*q**2. Give l(1).
7
Let u(c) be the first derivative of 3*c**2/2 + c - 1. Let k be 4/14 + (-99)/(-21). Suppose 5*r + 25 = -k*b, -3 = 5*r - 5*b - 8. Give u(r).
-5
Let k(m) = m**3 + 5*m**2 + 2*m + 4. Let h(f) = 3*f**3 + 15*f**2 + 5*f + 11. Let t(c) = c**2 - 3. Let o be t(0). Let p(i) = o*h(i) + 8*k(i). Calculate p(-5).
-6
Let c be -9*2/8*-4. Let w(h) = h**2 - 7*h - 11. Calculate w(c).
7
Let v(h) be the first derivative of h**3/3 - 2*h**2 - 2*h - 8. Determine v(5).
3
Let a(n) = n - 4. Suppose 19 = 3*s + 2*h, -3*s - h + 4 = -10. Determine a(s).
-1
Let o = -10 - -15. Let c(y) be the second derivative of 1/20*y**o - 1/4*y**4 + y + 2*y**2 + 0 + 0*y**3. Calculate c(3).
4
Let f(j) = 3*j**2 + j**3 - 6*j**2 - 7*j**3. Let c be 4*(-4)/((-32)/14). Let g(x) = 9*x**3 + 4*x**2. Let l(k) = c*f(k) + 5*g(k). Give l(-1).
-4
Let h(p) be the second derivative of 8*p - 1/3*p**3 + 0*p**2 + 0. Determine h(3).
-6
Let a(i) = -15*i**2 + 3 + 5*i - 12*i**2 + 28*i**2. Let h(u) = u**3 - 5*u**2 + 2*u + 2. Let c be h(5). Let j = 7 - c. Give a(j).
3
Let s(w) be the first derivative of w**2/2 + 6*w - 3. Suppose 0 + 3 = -r. Let h = -3 - r. What is s(h)?
6
Let v be 2 + 0/(-1 + 3). Suppose 2*g = -0*g + v*n + 16, -3*n = 5*g - 24. Let h(j) = j**2 - 8*j + 7. Determine h(g).
-5
Suppose 4*y = -0*y. Let u(x) = x. Determine u(y).
0
Let m(l) = l**3 + l. Suppose 0*b = 2*b. Suppose b*j - j - 1 = 0. Calculate m(j).
-2
Let m(q) = q**2 + 8*q - 5. Let z be m(-9). Let k = -1 + 3. Let x(p) = -3*p + 4*p + 0 - k. Give x(z).
2
Let f be (-46)/(-10) - 14/(-35). Let r(u) be the second derivative of -u**3/6 - 2*u**2 - 2*u. Give r(f).
-9
Let u(d) be the third derivative of d**2 + 1/24*d**4 - 1/6*d**3 - 1/60*d**5 + 0*d + 0. Suppose -2*t - 11 = -3*h, -4 = -3*h - 3*t - 2*t. Calculate u(h).
-7
Let w(c) be the third derivative of c**6/360 + c**5/40 - c**4/8 - c**3 - 5*c**2. Let t(a) be the first derivative of w(a). Give t(-3).
-3
Let d(q) be the second derivative of -1/3*q**3 - 1/12*q**4 + 3*q - 1/2*q**2 + 0. What is d(-4)?
-9
Let w(v) = -2*v